00
What is 110 (base 3) in base 7?
15
15 (base 11) to base 10
16
What is 11 (base 5) in base 7?
6
What is -1b (base 16) in base 15?
-1c
Convert -425 (base 7) to base 6.
-555
Convert d (base 14) to base 3.
111
-2 (base 12) to base 5
-2
Convert 6 (base 11) to base 8.
6
-6 (base 10) to base 7
-6
What is 81 (base 11) in base 6?
225
What is 402 (base 5) in base 7?
204
-157 (base 10) to base 7
-313
20 (base 3) to base 11
6
Convert 6 (base 12) to base 16.
6
-10 (base 3) to base 5
-3
Convert -7 (base 8) to base 4.
-13
Convert 11 (base 8) to base 13.
9
22 (base 7) to base 16
10
What is 5 (base 8) in base 10?
5
Convert -189 (base 12) to base 7.
-504
Convert -1 (base 6) to base 10.
-1
-280 (base 10) to base 8
-430
4 (base 9) to base 15
4
What is 2 (base 14) in base 13?
2
121 (base 3) to base 10
16
Convert 10110010 (base 2) to base 8.
262
Convert -3 (base 14) to base 16.
-3
Convert 47 (base 10) to base 15.
32
2 (base 9) to base 15
2
Convert -7 (base 13) to base 12.
-7
What is 102 (base 3) in base 2?
1011
-44 (base 9) to base 11
-37
What is 20 (base 15) in base 16?
1e
Convert 0 (base 2) to base 16.
0
What is 0 (base 2) in base 8?
0
b (base 15) to base 11
10
-55 (base 6) to base 15
-25
Convert -42 (base 14) to base 16.
-3a
What is 51 (base 10) in base 16?
33
-50 (base 14) to base 7
-130
What is 4 (base 5) in base 7?
4
What is -11 (base 2) in base 6?
-3
What is -13 (base 10) in base 3?
-111
What is 12 (base 4) in base 9?
6
Convert 4d (base 16) to base 12.
65
Convert 1 (base 10) to base 12.
1
-10 (base 15) to base 9
-16
-14 (base 11) to base 16
-f
-13 (base 4) to base 14
-7
What is 14 (base 10) in base 15?
e
-10 (base 7) to base 3
-21
113 (base 4) to base 7
32
What is -120 (base 4) in base 7?
-33
What is -11 (base 6) in base 16?
-7
What is 102 (base 6) in base 5?
123
Convert -244 (base 12) to base 8.
-524
Convert -3 (base 12) to base 15.
-3
10110 (base 2) to base 10
22
-16 (base 14) to base 3
-202
-12 (base 10) to base 4
-30
Convert 165 (base 7) to base 5.
341
What is 71 (base 9) in base 5?
224
1 (base 13) to base 6
1
Convert -21 (base 11) to base 9.
-25
What is -4 (base 9) in base 2?
-100
11 (base 2) to base 7
3
-26 (base 8) to base 10
-22
-12 (base 11) to base 14
-d
What is -3 (base 11) in base 15?
-3
4a (base 15) to base 11
64
Convert 1 (base 13) to base 2.
1
2 (base 12) to base 14
2
-2 (base 9) to base 10
-2
-4 (base 13) to base 11
-4
Convert 478 (base 9) to base 3.
112122
Convert -24 (base 12) to base 5.
-103
-4 (base 7) to base 14
-4
Convert 53 (base 6) to base 7.
45
Convert -2 (base 9) to base 16.
-2
Convert -5 (base 8) to base 3.
-12
52 (base 7) to base 13
2b
What is -46 (base 12) in base 6?
-130
Convert 242 (base 13) to base 2.
110001000
What is -a (base 12) in base 2?
-1010
-19 (base 15) to base 11
-22
What is 1 (base 8) in base 5?
1
What is 85 (base 14) in base 6?
313
What is -128 (base 15) in base 2?
-100000111
410 (base 5) to base 10
105
7 (base 14) to base 4
13
Convert 1 (base 14) to base 10.
1
Convert -210 (base 6) to base 3.
-2220
Convert -10 (base 8) to base 4.
-20
Convert -20 (base 15) to base 4.
-132
-1 (base 6) to base 5
-1
Convert -2 (base 6) to base 14.
-2
What is 1 (base 10) in base 9?
1
48 (base 11) to base 12
44
17 (base 10) to base 13
14
What is 1000100 (base 2) in base 7?
125
What is 9 (base 12) in base 14?
9
Convert -71 (base 9) to base 6.
-144
What is 1030 (base 5) in base 14?
a0
What is 6 (base 10) in base 6?
10
Convert -11100 (base 3) to base 7.
-225
Convert 320 (base 4) to base 6.
132
-11 (base 2) to base 7
-3
What is 10110 (base 2) in base 7?
31
Convert 1022 (base 5) to base 6.
345
What is -25 (base 7) in base 13?
-16
5 (base 15) to base 8
5
Convert 126 (base 7) to base 8.
105
What is -10110 (base 2) in base 7?
-31
What is -2021 (base 3) in base 10?
-61
Convert 15 (base 15) to base 5.
40
652 (base 7) to base 11
281
5 (base 12) to base 16
5
c (base 15) to base 7
15
Convert -3 (base 9) to base 15.
-3
0 (base 2) to base 7
0
What is 3 (base 12) in base 6?
3
7 (base 10) to base 7
10
Convert 0 (base 13) to base 14.
0
Convert 3 (base 11) to base 16.
3
Convert -1 (base 8) to base 5.
-1
What is 77 (base 13) in base 9?
118
19c (base 13) to base 10
298
What is 121 (base 3) in base 12?
14
Convert 1022 (base 3) to base 9.
38
Convert 0 (base 5) to base 14.
0
-125 (base 9) to base 14
-76
456 (base 8) to base 14
178
Convert 11 (base 8) to base 2.
1001
3 (base 16) to base 15
3
Convert -55 (base 6) to base 5.
-120
Convert 124 (base 12) to base 9.
211
Convert -1 (base 2) to base 16.
-1
What is 3 (base 13) in base 5?
3
What is 7 (base 13) in base 4?
13
5 (base 16) to base 4
11
120 (base 8) to base 14
5a
Convert 3b (base 12) to base 7.
65
-17 (base 8) to base 7
-21
What is -6 (base 8) in base 6?
-10
-2 (base 3) to base 13
-2
-8 (base 12) to base 10
-8
Convert -1000 (base 2) to base 15.
-8
7 (base 9) to base 14
7
Convert 2001 (base 3) to base 6.
131
-11 (base 7) to base 5
-13
What is -10 (base 2) in base 14?
-2
What is 0 (base 11) in base 10?
0
22 (base 15) to base 10
32
1221 (base 4) to base 15
70
What is -102 (base 7) in base 5?
-201
3 (base 9) to base 13
3
Convert 1 (base 3) to base 2.
1
Convert -4 (base 15) to base 16.
-4
What is -22 (base 5) in base 11?
-11
-155 (base 9) to base 8
-203
What is -4 (base 8) in base 2?
-100
What is 3 (base 12) in base 14?
3
What is -253 (base 6) in base 14?
-77
What is 12 (base 3) in base 13?
5
Convert 67 (base 16) to base 8.
147
Convert -1 (base 8) to base 6.
-1
Convert 2 (base 13) to base 15.
2
13 (base 8) to base 6
15
36 (base 7) to base 16
1b
100 (base 2) to base 5
4
What is 0 (base 2) in base 11?
0
Convert 11 (base 5) to base 12.
6
What is -f (base 16) in base 10?
-15
-1122 (base 3) to base 12
-38
Convert 46 (base 7) to base 11.
31
What is 1100110 (base 2) in base 10?
102
Convert 0 (base 8) to base 5.
0
-1 (base 6) to base 11
-1
Convert a9 (base 14) to base 10.
149
What is 0 (base 8) in base 2?
0
-5 (base 7) to base 11
-5
-120 (base 9) to base 2
-1100011
What is -3 (base 6) in base 12?
-3
-3 (base 7) to base 6
-3
Convert -1 (base 2) to base 11.
-1
-10001 (base 2) to base 12
-15
Convert 13 (base 11) to base 4.
32
-54 (base 7) to base 5
-124
Convert -a (base 16) to base 8.
-12
Convert 3 (base 16) to base 13.
3
Convert 21 (base 5) to base 9.
12
3 (base 15) to base 6
3
1 (base 14) to base 7
1
101110 (base 2) to base 8
56
1 (base 11) to base 10
1
Convert -1144 (base 6) to base 16.
-118
Convert 4 (base 8) to base 14.
4
Convert -11101 (base 2) to base 16.
-1d
What is -4 (base 16) in base 11?
-4
What is 20 (base 10) in base 16?
14
Convert -12 (base 14) to base 5.
-31
What is 50 (base 10) in base 14?
38
What is -a (base 12) in base 10?
-10
50 (base 14) to base 7
130
62 (base 12) to base 13
59
-5 (base 6) to base 4
-11
-11 (base 16) to base 15
-12
3 (base 12) to base 7
3
Convert 1111 (base 2) to base 3.
120
6 (base 12) to base 6
10
-101 (base 2) to base 5
-10
What is 21 (base 13) in base 4?
123
What is 10 (base 4) in base 7?
4
Convert -1 (base 13) to base 3.
-1
Convert 3 (base 11) to base 12.
3
21 (base 5) to base 6
15
3 (base 12) to base 5
3
Convert -14 (base 7) to base 10.
-11
What is -18 (base 15) in base 14?
-19
Convert 210 (base 3) to base 11.
1a
6 (base 15) to base 8
6
What is -5 (base 16) in base 8?
-5
Convert 6 (base 11) to base 4.
12
What is 85 (base 15) in base 14?
8d
-24 (base 16) to base 7
-51
-4 (base 5) to base 15
-4
What is 13 (base 11) in base 6?
22
-40 (base 6) to base 4
-120
Convert 1111 (base 2) to base 9.
16
Convert 2 (base 16) to base 8.
2
What is 122 (base 7) in base 4?
1001
Convert -1 (base 2) to base 8.
-1
Convert -15 (base 6) to base 5.
-21
Convert 43 (base 6) to base 5.
102
What is 12 (base 11) in base 2?
1101
What is 234 (base 6) in base 16?
5e
-310 (base 6) to base 14
-82
-15 (base 16) to base 2
-10101
11 (base 4) to base 15
5
What is 53 (base 12) in base 5?
223
Convert -5 (base 8) to base 4.
-11
What is 33 (base 5) in base 9?
20
What is -3 (base 16) in base 6?
-3
Convert -81 (base 16) to base 6.
-333
-1 (base 3) to base 8
-1
What is 19 (base 10) in base 14?
15
What is 74 (base 8) in base 11?
55
-33 (base 4) to base 11
-14
Convert 1 (base 6) to base 2.
1
What is 33 (base 5) in base 11?
17
-32 (base 5) to base 7
-23
-13 (base 16) to base 10
-19
113 (base 4) to base 11
21
What is -5 (bas